 are the prime factors of 135808?
2, 1061
What are the prime factors of 533?
13, 41
What are the prime factors of 3335?
5, 23, 29
What are the prime factors of 92584?
2, 71, 163
What are the prime factors of 64895?
5, 12979
List the prime factors of 1338.
2, 3, 223
List the prime factors of 92374.
2, 46187
What are the prime factors of 68347?
41, 1667
List the prime factors of 3987.
3, 443
What are the prime factors of 36741?
3, 37, 331
What are the prime factors of 47515?
5, 13, 17, 43
List the prime factors of 69604.
2, 17401
List the prime factors of 10620.
2, 3, 5, 59
What are the prime factors of 16072?
2, 7, 41
What are the prime factors of 55562?
2, 13, 2137
List the prime factors of 96721.
311
List the prime factors of 4012.
2, 17, 59
List the prime factors of 4194.
2, 3, 233
List the prime factors of 8283.
3, 11, 251
List the prime factors of 2440.
2, 5, 61
What are the prime factors of 3435?
3, 5, 229
What are the prime factors of 2626?
2, 13, 101
What are the prime factors of 7347?
3, 31, 79
What are the prime factors of 31593?
3, 10531
List the prime factors of 3997.
7, 571
List the prime factors of 35914.
2, 17957
List the prime factors of 2027.
2027
What are the prime factors of 13206?
2, 3, 31, 71
What are the prime factors of 14056?
2, 7, 251
List the prime factors of 21830.
2, 5, 37, 59
What are the prime factors of 112038?
2, 3, 71, 263
List the prime factors of 6857.
6857
List the prime factors of 160.
2, 5
List the prime factors of 52432.
2, 29, 113
What are the prime factors of 43304?
2, 5413
List the prime factors of 848.
2, 53
What are the prime factors of 51371?
47, 1093
List the prime factors of 5182.
2, 2591
What are the prime factors of 96856?
2, 12107
What are the prime factors of 10151?
10151
What are the prime factors of 13295?
5, 2659
What are the prime factors of 40051?
11, 331
List the prime factors of 3684.
2, 3, 307
List the prime factors of 40559.
40559
What are the prime factors of 2113?
2113
List the prime factors of 287.
7, 41
What are the prime factors of 23780?
2, 5, 29, 41
What are the prime factors of 3659?
3659
List the prime factors of 7653.
3, 2551
List the prime factors of 859.
859
List the prime factors of 1435.
5, 7, 41
List the prime factors of 50245.
5, 13, 773
List the prime factors of 24166.
2, 43, 281
List the prime factors of 1727.
11, 157
What are the prime factors of 4505?
5, 17, 53
List the prime factors of 206.
2, 103
What are the prime factors of 292?
2, 73
What are the prime factors of 3884?
2, 971
What are the prime factors of 1664?
2, 13
List the prime factors of 78386.
2, 7, 11, 509
What are the prime factors of 1876?
2, 7, 67
What are the prime factors of 6913?
31, 223
List the prime factors of 166349.
166349
What are the prime factors of 563?
563
List the prime factors of 9008.
2, 563
List the prime factors of 45276.
2, 3, 7, 11
List the prime factors of 4123.
7, 19, 31
What are the prime factors of 2171?
13, 167
What are the prime factors of 5006?
2, 2503
What are the prime factors of 32586?
2, 3, 5431
What are the prime factors of 1008?
2, 3, 7
List the prime factors of 9108.
2, 3, 11, 23
What are the prime factors of 40730?
2, 5, 4073
List the prime factors of 7327.
17, 431
List the prime factors of 268.
2, 67
What are the prime factors of 21581?
7, 3083
List the prime factors of 15545.
5, 3109
List the prime factors of 19922.
2, 7, 1423
List the prime factors of 81769.
81769
What are the prime factors of 100362?
2, 3, 43, 389
What are the prime factors of 2208?
2, 3, 23
What are the prime factors of 48711?
3, 13, 1249
List the prime factors of 25401.
3, 8467
What are the prime factors of 2925?
3, 5, 13
What are the prime factors of 122710?
2, 5, 7, 1753
What are the prime factors of 86965?
5, 17393
List the prime factors of 10780.
2, 5, 7, 11
List the prime factors of 6815.
5, 29, 47
What are the prime factors of 3656?
2, 457
What are the prime factors of 1616?
2, 101
What are the prime factors of 4483?
4483
What are the prime factors of 27498?
2, 3, 4583
What are the prime factors of 22889?
47, 487
List the prime factors of 55956.
2, 3, 4663
What are the prime factors of 17896?
2, 2237
What are the prime factors of 9940?
2, 5, 7, 71
What are the prime factors of 293?
293
What are the prime factors of 412?
2, 103
What are the prime factors of 2951?
13, 227
List the prime factors of 2958.
2, 3, 17, 29
What are the prime factors of 32709?
3, 10903
List the prime factors of 1730.
2, 5, 173
What are the prime factors of 11271?
3, 13, 17
List the prime factors of 672.
2, 3, 7
List the prime factors of 1412.
2, 353
What are the prime factors of 3746?
2, 1873
List the prime factors of 216.
2, 3
List the prime factors of 401.
401
What are the prime factors of 1309?
7, 11, 17
What are the prime factors of 26814?
2, 3, 41, 109
List the prime factors of 7467.
3, 19, 131
What are the prime factors of 1377?
3, 17
What are the prime factors of 135?
3, 5
What are the prime factors of 9553?
41, 233
What are the prime factors of 18460?
2, 5, 13, 71
List the prime factors of 39114.
2, 3, 41, 53
List the prime factors of 1116.
2, 3, 31
What are the prime factors of 1788?
2, 3, 149
What are the prime factors of 79269?
3, 26423
List the prime factors of 18910.
2, 5, 31, 61
What are the prime factors of 981?
3, 109
What are the prime factors of 1437?
3, 479
List the prime factors of 2635.
5, 17, 31
What are the prime factors of 18930?
2, 3, 5, 631
What are the prime factors of 14486?
2, 7243
List the prime factors of 61453.
7, 8779
What are the prime factors of 17090?
2, 5, 1709
What are the prime factors of 1756?
2, 439
List the prime factors of 18190.
2, 5, 17, 107
List the prime factors of 3499.
3499
What are the prime factors of 33489?
3, 61
List the prime factors of 981.
3, 109
List the prime factors of 49709.
11, 4519
List the prime factors of 1702.
2, 23, 37
List the prime factors of 4300.
2, 5, 43
List the prime factors of 420.
2, 3, 5, 7
What are the prime factors of 2717?
11, 13, 19
What are the prime factors of 15468?
2, 3, 1289
List the prime factors of 43457.
43457
What are the prime factors of 73858?
2, 36929
What are the prime factors of 6288?
2, 3, 131
What are the prime factors of 13515?
3, 5, 17, 53
What are the prime factors of 2927?
2927
What are the prime factors of 137?
137
What are the prime factors of 390?
2, 3, 5, 13
What are the prime factors of 2?
2
List the prime factors of 4824.
2, 3, 67
List the prime factors of 1106.
2, 7, 79
What are the prime factors of 49337?
103, 479
What are the prime factors of 426?
2, 3, 71
What are the prime factors of 2463?
3, 821
List the prime factors of 1149.
3, 383
What are the prime factors of 8744?
2, 1093
List the prime factors of 1356.
2, 3, 113
List the prime factors of 1485.
3, 5, 11
What are the prime factors of 11656?
2, 31, 47
What are the prime factors of 5091?
3, 1697
List the prime factors of 687.
3, 229
List the prime factors of 21177.
3, 13, 181
List the prime factors of 461.
461
What are the prime factors of 790?
2, 5, 79
What are the prime factors of 39078?
2, 3, 13, 167
What are the prime factors of 1016?
2, 127
What are the prime factors of 1334?
2, 23, 29
List the prime factors of 1592.
2, 199
What are the prime factors of 12971?
7, 17, 109
List the prime factors of 21048.
2, 3, 877
List the prime factors of 7980.
2, 3, 5, 7, 19
List the prime factors of 128286.
2, 3, 7127
List the prime factors of 1595.
5, 11, 29
What are the prime factors of 21789?
3, 269
List the prime factors of 851.
23, 37
What are the prime factors of 11573?
71, 163
What are the prime factors of 2529?
3, 281
What are the prime factors of 356?
2, 89
List the prime factors of 3133.
13, 241
List the prime factors of 59368.
2, 41, 181
List the prime factors of 8521.
8521
What are the prime factors of 30905?
5, 7, 883
List the prime factors of 7434.
2, 3, 7, 59
What are the prime factors of 20266?
2, 10133
What are the prime factors of 9333?
3, 17, 61
List the prime factors of 17990.
2, 5, 7, 257
What are the prime factors of 60865?
5, 7, 37, 47
List the prime factors of 8244.
2, 3, 229
What are the prime factors of 2936?
2, 367
What are the prime factors of 1614?
2, 3, 269
What are the prime factors of 118641?
3, 71, 557
List the prime factors 